44)?
37
What is the value of -8 - ((-5 - -8 - 7) + 113) - 18?
-135
Evaluate (15 - -10 - 8 - (13 + -21)) + -13.
12
What is the value of 2 + -2 - -112 - (-23213 - -23230)?
95
100 + 13 + -26 + -26 + -4
57
What is the value of -396 + 417 + -68 + -1 + -4?
-52
What is (33 + -31 - (-12 + -4 + 26)) + 89 + -1?
80
Evaluate -9 + (76 - 47 - -25).
45
What is the value of -74 + 41 + (-27 - -76)?
16
Calculate 41 + -8 + 5 + 4 + (3 + -5 - 6).
34
Calculate 13 + -4 - ((33 - 12) + -7) - 12.
-17
Evaluate (2 + -2 + 38 - (-599 + 612)) + -5.
20
69 + -14 + -133 - -40
-38
What is -2 - 2 - (-41 + 66 + -38)?
9
Calculate 49 + (-1 - 4) + (4 - 5).
43
What is (-245 - -394) + -170 - (1 + 35 - 0)?
-57
Calculate (14 + -31 - -12 - -16) + 21 + 7.
39
-4 + 23 - (-4 + 74 + -19)
-32
Evaluate 33 - 0 - (2587 - 2542).
-12
Calculate -107 + 38 - (3 + -21 + (18 - 8)).
-61
Evaluate 55 - (-69 - -184) - -29.
-31
Evaluate (-25 - -22) + -8 - (-9 + 2 - 32).
28
Evaluate (0 - (4 - 5)) + 923 + -950.
-26
What is 31 + -33 + 21 + 20 + 0 + 14?
53
What is 4 + (-25 + 45 - 28) - (101 + 8 + -6)?
-107
What is -31 + 3 - (2 + 3 + 1 + 108 + -105)?
-37
What is the value of 76 + -76 + -39 + -72?
-111
What is (-17 - (-195 - -199 - (-30 - -1))) + -21?
-71
Calculate -10 - ((5 + 6 - -28) + -3 + -12 + -4).
-30
What is the value of (161 + -13 - 204) + 1 + (-2 - -1)?
-56
-3 + -1 - (22 + -12 + (29 - 21))
-22
What is the value of -15 - ((35 - 47) + (2 - -4))?
-9
What is the value of (-1 - (1 + -1)) + (1596 - 1605) + -1?
-11
What is 0 + -10 + 24 - (34 - -40 - -20)?
-80
Evaluate -11 + (-44 - -43) + -15.
-27
Calculate -1 + -2 + 6 + -3 - ((-78 - 25) + 46).
57
3 - -1 - (2 + (66 - 1) + -458 + 467)
-72
What is (-24 - 15) + 24 + (1 - -19) - -45?
50
Evaluate 25 + (6 - ((-5 - (-13 - (7 - 5))) + 5)).
16
What is the value of -9 + 20 + 7 + -11 - (4 + -2 + 28)?
-23
Evaluate -2 + (-213 + 212 - (-14 + -3 + 3 + 3)).
8
What is the value of -3 - (-6 + (12 - -1 - (-56 - -75)))?
9
What is 12 - (-42 - -39 - 16 - (3 - 0))?
34
What is the value of 54 + -59 + 40 + (13 - 0)?
48
24 - -50 - 59 - (-34 + 7)
42
Evaluate 18 + (-60 - (-29 + 44)) + 24.
-33
Evaluate 143 + -49 + 49 + -6.
137
What is the value of -21 + -61 + (-19 + -2 - (34 + -57))?
-80
Evaluate (-30 - (-20 + (45 - 37))) + (0 - 17).
-35
What is (-59 - -143) + 42 + -81?
45
Evaluate (32 - 6 - 23) + -15.
-12
What is (-1 - 3 - -2) + 10 + (-21 + -14 - -13)?
-14
Calculate -15 + 18 + 16 + -14 - 22.
-17
Evaluate 59 - 45 - (1 - (0 + -14)) - (-14 + 1).
12
23 - ((-18 - -47) + -26)
20
What is (-1 - -3) + 18 + 2 - (-3256 + 3249)?
29
What is the value of 31 - -24 - (72 - 59)?
42
What is 20 + (-22 - (-62 - -5))?
55
What is the value of 30 - ((34 - 11) + -5)?
12
What is -15 - (-17 - (-14 + (-12 - 3)))?
-27
What is the value of -167 + 164 + (-36 - 2) + -2 - (0 + 5)?
-48
Calculate 14 + (-137 - -106) + 7 + -1.
-11
-4 + (6 - -3) - -14 - 2 - 74
-57
What is -5 + 0 + 1449 + -1405?
39
Calculate (-3 + 6 + 4 - (-10 - -22)) + (2 - 21).
-24
What is 40 + 5 + ((-62 - -42) + 12 - (-1 + -2))?
40
Calculate (125 - (282 + -158)) + (7 - 0).
8
What is (5 + 4 - 6) + (-147 - -142) + 73 + 0?
71
What is the value of (12 - -7 - 6) + (38 - 30) - (3 - -2)?
16
Evaluate -115 + (-83 - (-103 - 88)).
-7
What is the value of (5 - 7) + -7 + (29 - 47)?
-27
What is the value of (55 - (65 + -7)) + (-1 - -15)?
11
Calculate (0 + 146 - (-335 - -342)) + -6 + -13.
120
Calculate 586 + -728 + (3 - -71).
-68
-99 + 83 + (60 - (8 + 0))
36
What is the value of 2 + (40 - (78 - -22))?
-58
What is the value of 98 - (-59 + (173 - 43))?
27
What is 27 - (1 + -1 + -553 + 509)?
71
What is (24 + -49 + 26 - 81) + (4 - 0) + 6?
-70
14 + 61 - (-29 - -100)
4
What is the value of -64 - ((-6 - 4 - 1) + 25 - 14) - 11?
-75
Evaluate 3020 + -2989 - (44 + -1).
-12
75 + -29 + (71 - (56 - 22))
83
Evaluate 93 - (-10 - (1 + -26) - 6 - (-6 + 26)).
104
466 - 388 - (100 + -3)
-19
What is 879 + -933 - ((-12 - 3) + 3)?
-42
Evaluate 57 + (20 - 58) + -25 - (1 - -67).
-74
What is (13 - (14 - -19)) + 6 + 5?
-9
What is 0 + 2 + (-2 - 2) + 6 - 51?
-47
11 + (1 - (-12 + 10 + 4)) - -10
20
Evaluate -17 - (-12 - (22 + -37 - -12)).
-8
What is 47 - (47 - -2) - (0 + 2 - 1) - -57?
54
What is the value of -24 - -11 - ((-49 - 3) + 86)?
-47
Evaluate -2 - 2 - (5 - (31 - 0 - (-55 + 56))).
21
Evaluate 6 - ((4 - -17) + (-28 - (171 + -29))).
155
What is the value of (16 - 14 - (-11 - (7 - 13))) + -10?
-3
What is -45 - (14 + (-6 - 12) + -10)?
-31
What is the value of (2 - 13) + 1 - (-62 - (24 + -30 + -29))?
17
Evaluate (-12520 - -12520) + (0 - 15 - 1).
-16
What is the value of (16 - 12) + -9 + -9 + 15 + -47?
-46
What is -10 + 9 + 8 + -5 + -5 + -31?
-34
Calculate -43 + (111 - 68) + (21 - 1) + 9 - 13.
16
What is the value of (-4 - -46) + -313 + 313?
42
Evaluate (4 - -1) + (10 - 10) + -18 + 7 + 14.
8
-92 + 111 - (3 + 7) - ((-3 - 0) + 5)
7
1 + 36 + -9 + -26 + 5 + 17
24
What is (2 - -13) + (44 - (150 + -96))?
5
-12 - ((2 - 4) + -89) - -2
81
Calculate (-15 - -14 - -8) + (8 - 0) + -8 + 10.
17
What is -5 + 0 - (1395 + -1373)?
-27
What is -137 + (-3 - 2 - -2) + 229 + -217 + -14?
-142
-174 - -190 - (19 + -2) - 11
-12
What is 22 + -17 + 50 + (4 - (-4 + 6))?
57
(-38 - 15) + (2 + 14 + -4 - 5)
-46
What is the value of -26 + 19 - (4 + (1 - -20) + 5)?
-37
-8 - (1 + (-55 - -43))
3
What is the value of -6 + 23 + 2 + -6 + -1 + -3 + -74?
-65
-79 - (-75 + -11) - (60 + -1)
-52
3 + 70 + -1 + (-2 - 1) + -195 + 198
72
Calculate (-54 + 90 - 95) + -3.
-62
Calculate 13 - -4 - (11 + 36 + -2).
-28
Evaluate -1 + 7 - (-16 + 20 + 14) - -65.
53
What is the value of -9 + (-27 - -8) + (-27 - -19) + 1?
-35
Evaluate (0 + 1 - ((-15 - -18) + 16 - 27)) + 37.
46
Calculate 5 - (10 + -8) - (-6 + -5 + 23).
-9
What is 10 + -3 + 34 + (139 - 133)?
47
What is (-218 - -269) + -81 + 10?
-20
Calculate -51 + 48 + 4 + -7 + 86.
80
Calculate -16 + 42 + 9 - 26.
9
Evaluate -848 + 838 - (-1 + (-82 - 1)).
74
What is 35 + (-3 - (3 - 3) - (-80 + (19 - -67)))?
26
What is the value of (7 + -17 - -3) + -6 + -27 + 3 + 3?
-34
What is 7 + -75 + 12 + (31 - 19)?
-44
What is the value of 23 + 0 - (-95 + 131 + -17)?
4
Calculate (-3 - -119) + -4823 + 4753.
46
Calculate -43 - (-147 - (-12 + -40)).
52
Evaluate 36 + 57 + -105 + 72.
60
Evaluate -2 - 2 - (-367 + 382 + (-16 - -1)).
-4
What is (0 - (1 - 68)) + 119 + -148?
38
Evaluate (8 - -1) + 1 + 2 + -54 + -10 + 16.
-36
What is the value of (-8 - -4) + 16 - (17 - -5) - 60?
-70
49 + -72 + 81 - 40
18
What is -9 + (38 + (1 - 48) - (1 - 12)) + 47?
40
Evaluate -1962 + 1954 - (1 - 120).
111
Calculate -152 - -93 - (-45 - 5).
-9
What is the value of 48 - 1 - (-13 - (-14 - (-22 - -34)))?
34
Calculate -1436 + 1524 - (-6 - -204).
-110
15 + (3 + (6 - 21) - (-170 - -152))
21
Calculate (-21 + -2 - 19) + -10 + -2 - 4.
-58
Evaluate -5 + 126 - (14 - (-33 - -19 - -28)).
121
(-37 + -1 - 3) + (-1 + -6 - 14 - -25)
-37
What is the value of 12 + -8 + -17 - (-57 - (1 - (5 - 12)))?
52
What is (46 - (2 - -5)) + 61 + -82?
18
Evaluate (45 - 1) + 2198 + -2180.
62
What is (-215 - -83) + 85 + -64?
-111
132 - ((-56 - -122) + 124)
-58
Calculate -25003 - -25028 - (-96 + 1).
120
What is the value of 9 - (1 + -4 - (-12 - -4)) - (-16 - -125)?
-105
What is the value of (-9 - 11) + 24 + -40?
-36
What is (-6459 - -6466) + (-6 - 1)?
0
(-102 - -119) + (-3 - (-51 - (4 + -12)))
57
Calculate -35 - (-1 + 8 - (722 + -701)).
-21
Calculate -7 - (-122 + (57 - 15) - (0 + 18)).
91
What is the value of (9 + -4 - 2) + (13 - (-15 - -12)) + -5?
14
What is the value of 7 + 9 - (-63 - -46)?
33
What is the value of 95 - 67 - 39 - (3 - (46 + 0) - -3)?
29
Calculate (43 - 54) + 51 + -1.
39
What is (38 - (-2 - -79)) + -2 + 25?
-16
12 + (1 - (6 + 4 + (-16 - -17))) + 17
19
What is the value of -51 + 51 + -113 + 59?
-54
Evaluate (77 - 6 - -9 - -2) + -2 - 15.
65
Calculate (28 - -32 - 5 - 30) + 45.
70
Calculate 70 - (-52 - (-122 - -37)).
37
Calculate -4 + -7 + 16 + -12 - (-1 + 6).
-12
Evaluate 19 - (10 + -3 + 9 + 34).
-31
Evaluate -152 + -25 - (-88 + 13).
-102
What is the value of -2 + 4 + (661 - 636)?
27
Evaluate 21 + 1 - (-47 + (97 - -11)).
-39
(-2 - -3 - -6) + -3 + 26 + -3 + 5
32
Evaluate (2 - 2) + -33 - (-15 + (33 - -7 - 30)).
-28
What is the value of -15 - ((33 - -1) + 732 + -726)?
-55
What is the value of (-249 + 232 - (-4 + 25)) + 38?
0
What is 56 + 15 + 20 + 31?
122
Calculate (6 + -11 - -